c = 2*c + 10*c - 66810. Calculate the highest common divisor of c and 30.
15
Let a = 4 - 1. Suppose 0 = -g - 4*k, 6*k = -a*g + k + 7. Suppose g*b + 0*w + 3*w - 148 = 0, 0 = 2*w. Calculate the highest common divisor of b and 74.
37
Suppose -6*w = 4*x - 430, -3*x - 5*w + 295 = -30. What is the highest common factor of 1175 and x?
25
Let c(i) = 4637*i**3 - 18*i**2 + 11*i + 2. Let x be c(1). What is the greatest common factor of x and 24?
24
Let r(b) = -10*b - 197. Suppose -2*u - 5*c - 26 = 41, 3*u = 5*c - 63. Let a be r(u). What is the highest common divisor of 483 and a?
21
Suppose 696*h - 690*h + 120 = 0. Let w be 12/2*h/(-2). Calculate the highest common divisor of 45 and w.
15
Let g(c) = 2796*c - 11106. Let d be g(4). Let w = -19 - -31. Calculate the greatest common factor of d and w.
6
Suppose -2*f + f - 4*t = 0, 0 = t. Suppose f = -6*a - 214 + 22. Let v = 33 + a. Calculate the greatest common divisor of v and 11.
1
Let m be (-4)/(84/909) + (-4)/(-14). Let t = m + 46. Suppose -3*l = 4*w - 800, -3*l = t*w + 59 - 857. What is the greatest common divisor of 22 and l?
22
Let c = -2066 - -2984. Let g be (c/(-408))/((-6)/712). What is the highest common divisor of g and 445?
89
Let x be 2 - (-4987 + 9/(-3)). Suppose -21*q + x - 1527 = 0. What is the highest common factor of q and 30?
15
Let a be 320/(-3) - ((-32)/6)/8. Let c = -86 - a. Calculate the highest common factor of 160 and c.
20
Suppose 44 = -94*v + 116*v. What is the highest common divisor of v and 89?
1
Suppose -2*z - w + 409 = 0, -5*z + w = -w - 1000. Suppose -3*s - 2*l + 134 = 0, -4*s = -2*l - 0*l - z. Calculate the greatest common divisor of s and 3.
3
Let b be ((-67)/(-9))/(-27 + (-5124)/(-189)). Calculate the highest common factor of b and 16348.
67
Suppose 0 = -16*i + 6*i + 380. Suppose -2*n + 4*f + i = 0, n + 2*f - 3 = -0. Let m = -49 - -93. What is the greatest common divisor of n and m?
11
Let n be ((-19)/57)/(14/(-6) - -2). Let y be (-51)/(n/(-6) + 9/(-432)). Calculate the highest common factor of y and 17.
17
Let x be 2548/245*(-30)/(-8). Calculate the highest common factor of 15 and x.
3
Let i = -1578 - -1606. Calculate the greatest common factor of 4172 and i.
28
Let c = -17078 - -17096. Calculate the highest common factor of c and 4923.
9
Let v = 299 - 55. Suppose 3*f - 1360 + v = 0. What is the greatest common divisor of 12 and f?
12
Let a be (-1064)/(-84) + (-1)/(-3). Let n be (-13)/a*2/2. Let f be (-1479)/(-29) + (0 - n). What is the highest common factor of 130 and f?
26
Let h(a) = 2679*a**3 - 22*a**2 - 9*a + 9. Let d be h(2). Calculate the highest common factor of 85 and d.
85
Let i(b) = b - 2. Let w be i(4). Let z be (4 + w)*3/2. Suppose z + 9 = 2*v + 2*a, 3 = -v - 4*a. Calculate the greatest common factor of v and 13.
13
Let c = 101 + -288. Let k = c + 223. What is the greatest common factor of k and 18?
18
Let d(x) = x**3 + 6*x**2 + 5*x + 1. Let c be d(-5). Let h be ((-3)/((-30)/8))/(78/7215). Let y = 82 - h. What is the greatest common factor of c and y?
1
Let u(i) be the second derivative of i**4/6 - i**3/3 - 49*i**2 + 18*i. Let n be u(-9). What is the greatest common divisor of 902 and n?
82
Suppose 0 = -55*r + 318 - 6 + 458. Suppose 4*b + 110 = 446. What is the highest common factor of b and r?
14
Let r be ((-18)/7)/((-5)/(-35)). Let l be (2/6)/(6/r). Let a be ((-91)/14)/(l/2). Calculate the greatest common divisor of 91 and a.
13
Suppose -4485*d + 4497*d - 279 = 33. Let g(m) = 64*m**2 + 1. Let o be g(-1). What is the highest common divisor of d and o?
13
Suppose 7*r = 9*r + 3*x - 59, 4*r - 107 = 5*x. Let p be r - (-1 - (-6 - -3)). What is the greatest common factor of 6 and p?
2
Suppose 137*t - 43 - 11 = 119*t. Let j(i) = 1233*i - 2. Let n be j(2). Suppose 0 = t*s + 11*s - n. Calculate the highest common divisor of 16 and s.
16
Suppose 2*n - 15517 = -3*q, -3*n + 14464 = 4*q - 8812. What is the greatest common factor of 80 and n?
80
Let j = -486 - -327. Let k = -39 - j. Calculate the highest common factor of 90 and k.
30
Let r = 49633 + -49561. Let p(x) = 4*x**3 + 1. Let b be p(1). Suppose b*v - 120 = -0*v. Calculate the greatest common factor of r and v.
24
Let h = 34995 + -17876. What is the highest common factor of 969 and h?
323
Let c(t) = 221*t - 2190. Let m be c(21). What is the greatest common factor of m and 114?
57
Let l be ((-205)/(-123))/(20/(-72)) + (-1 - -130). What is the highest common divisor of 205 and l?
41
Let f be 862 - (-14)/(-98)*77. What is the highest common divisor of f and 46?
23
Let l = 858 - 858. Suppose -285*p + 280*p + 765 = l. Let d(a) = a + 51. Let q be d(0). Calculate the greatest common factor of q and p.
51
Suppose 538 = 28*q - 5286. What is the greatest common divisor of q and 32?
16
Let q(x) = 1314*x + 1621. Let o be q(-1). What is the highest common factor of 50041 and o?
307
Suppose 5*c = -2*p - 407 - 197, 0 = -3*c - 4*p - 354. Let q = c + 184. Let k = -49 + q. Calculate the highest common factor of k and 104.
13
Let z(b) = 103*b - 221. Let t be z(19). Calculate the highest common divisor of t and 56.
56
Let j(m) = 8*m - 11. Let i be j(2). Let y be 3*(i + 10/(-3)). Suppose -381 + 901 = y*b. What is the greatest common factor of 13 and b?
13
Suppose 56*u - 539 = -21*u. Suppose -2*a = 2*g + 185 - 871, -5*g + 4*a = -1715. What is the highest common divisor of g and u?
7
Let y be ((-308)/21)/(-4) - (-6)/(-9). Suppose 4*f - 29 + 9 = 0. Suppose i = y*o + 4*i - 12, -f*o = -i - 44. What is the greatest common factor of o and 16?
8
Let b be (-1 + 0)/(((-14)/(-224))/((-106)/8)). Calculate the highest common factor of b and 92.
4
Suppose -7*y + 17850 = 5*y + 18*y. What is the greatest common divisor of y and 2295?
85
Let p = 89 + -1. Let l(r) = -248*r + 5976. Let i be l(24). What is the highest common factor of p and i?
8
Let b be (-22 + 19)*(-4)/(-6). Let g(q) = -20*q**3 + 2*q**2 - 5*q. Let r be g(b). What is the highest common factor of r and 445?
89
Suppose -258 = -11*z - 4*z + 1827. Calculate the highest common divisor of z and 23491.
139
Let j(c) = 101*c - 83*c - 66 + 20 + 7*c**2 - c**3. Let l be j(8). Let z be (-1)/2*2*-17. Calculate the greatest common divisor of l and z.
17
Let y be (-16)/(-10) + (-6)/(-15). Suppose y*l - 4 = s + 6*l, -2*s - 8 = 3*l. Let f be (-24)/32 + (-291)/s. What is the highest common factor of f and 8?
8
Suppose -9*t + 132 = -329 + 47. Calculate the greatest common factor of t and 6371.
23
Let z(t) = t**3 + 7*t**2 - 3*t - 6. Suppose 10 = -5*u + 7*u. Let d be (-3 + 4)/(u/(-35)). Let b be z(d). Calculate the highest common factor of b and 45.
15
Suppose 8*j = 767 + 41. Suppose 2*g = -5*h + j, 3*h + 4*g - 69 = -0*g. Calculate the highest common factor of h and 19.
19
Let s(i) = -202*i - 768. Let v be s(-4). Calculate the greatest common divisor of v and 1150.
10
Let y be 6*(-1)/10 + 253/5. Let l = 72 - y. Calculate the highest common factor of 143 and l.
11
Suppose 2*s = -1 + 5. Let q be (-2 - -1)*25/(-10)*s. Suppose -q*d + 4*d = -72. What is the greatest common divisor of 8 and d?
8
Let n(l) = l**2 + 32*l + 48. Let a be n(-28). Let s = -23 - a. What is the highest common factor of 451 and s?
41
Let t(o) = o + 2. Let u be t(0). Suppose 4*s + 18 = 2*v, -u*v + 2*s + 18 = 2*v. Let k be (-1)/(29 - 750/25). What is the greatest common factor of v and k?
1
Let a = 52 - -43. Suppose 6*n - 3*n + k = a, -3*k - 45 = -2*n. Suppose -6*o + 9*o - n = 0. Calculate the highest common factor of 210 and o.
10
Suppose 35*a = -55*a - 24*a + 5130. What is the greatest common factor of a and 90?
45
Suppose 748 + 2041 = 44*v + 809. What is the highest common factor of 1323 and v?
9
Let l be (-1)/(-6)*5*981 + (-276)/184. What is the highest common divisor of 24 and l?
24
Suppose -5*b + 3*y + 142 = 0, -7*y - 54 = 4*b - 5*b. Calculate the highest common factor of b and 3.
1
Let o be -42 + ((-4)/(-6)*-3 - -3). Let b = 76 + o. Calculate the highest common divisor of 35 and b.
35
Let v(y) = -y**3 + 6*y**2 - 4*y + 1. Let w be (-3 + (-13)/(-3))*12. Let h be 10*(w/20)/2. Let n be v(h). Calculate the highest common divisor of 17 and n.
17
Let c(b) = 5*b**2 + 3*b - 5. Let x be c(-4). Let t = -54310 - -54319. What is the highest common divisor of t and x?
9
Let m(c) = -c**3 - 6*c**2 - 5*c - 1. Let n be m(-5). Let w be (-1)/(-2)*n*-12. 